{"version":"1.0","provider_name":"UGT Comunicaciones","provider_url":"https:\/\/www.ugtcomunicaciones.es\/wordpress","title":"Paga productividad 2017","type":"rich","width":600,"height":338,"html":"<blockquote class=\"wp-embedded-content\" data-secret=\"jvZBcJNCSJ\"><a href=\"https:\/\/www.ugtcomunicaciones.es\/wordpress\/135431-2\/\">Paga productividad 2017<\/a><\/blockquote><iframe sandbox=\"allow-scripts\" security=\"restricted\" src=\"https:\/\/www.ugtcomunicaciones.es\/wordpress\/135431-2\/embed\/#?secret=jvZBcJNCSJ\" width=\"600\" height=\"338\" title=\"\u00abPaga productividad 2017\u00bb \u2014 UGT Comunicaciones\" data-secret=\"jvZBcJNCSJ\" frameborder=\"0\" marginwidth=\"0\" marginheight=\"0\" scrolling=\"no\" class=\"wp-embedded-content\"><\/iframe><script type=\"text\/javascript\">\n\/* <![CDATA[ *\/\n\/*! This file is auto-generated *\/\n!function(d,l){\"use strict\";l.querySelector&&d.addEventListener&&\"undefined\"!=typeof URL&&(d.wp=d.wp||{},d.wp.receiveEmbedMessage||(d.wp.receiveEmbedMessage=function(e){var t=e.data;if((t||t.secret||t.message||t.value)&&!\/[^a-zA-Z0-9]\/.test(t.secret)){for(var s,r,n,a=l.querySelectorAll('iframe[data-secret=\"'+t.secret+'\"]'),o=l.querySelectorAll('blockquote[data-secret=\"'+t.secret+'\"]'),c=new RegExp(\"^https?:$\",\"i\"),i=0;i<o.length;i++)o[i].style.display=\"none\";for(i=0;i<a.length;i++)s=a[i],e.source===s.contentWindow&&(s.removeAttribute(\"style\"),\"height\"===t.message?(1e3<(r=parseInt(t.value,10))?r=1e3:~~r<200&&(r=200),s.height=r):\"link\"===t.message&&(r=new URL(s.getAttribute(\"src\")),n=new URL(t.value),c.test(n.protocol))&&n.host===r.host&&l.activeElement===s&&(d.top.location.href=t.value))}},d.addEventListener(\"message\",d.wp.receiveEmbedMessage,!1),l.addEventListener(\"DOMContentLoaded\",function(){for(var e,t,s=l.querySelectorAll(\"iframe.wp-embedded-content\"),r=0;r<s.length;r++)(t=(e=s[r]).getAttribute(\"data-secret\"))||(t=Math.random().toString(36).substring(2,12),e.src+=\"#?secret=\"+t,e.setAttribute(\"data-secret\",t)),e.contentWindow.postMessage({message:\"ready\",secret:t},\"*\")},!1)))}(window,document);\n\/\/# sourceURL=https:\/\/www.ugtcomunicaciones.es\/wordpress\/wp-includes\/js\/wp-embed.min.js\n\/* ]]> *\/\n<\/script>\n","thumbnail_url":"https:\/\/www.ugtcomunicaciones.es\/wordpress\/wp-content\/uploads\/2018\/04\/grafica.png","thumbnail_width":640,"thumbnail_height":640,"description":"Como\u00a0 ya\u00a0 os\u00a0 informamos\u00a0 en\u00a0 nuestro\u00a0 comunicado\u00a0 del\u00a0 d\u00eda\u00a0 5\u00a0 de\u00a0 marzo,\u00a0 seg\u00fan\u00a0 los datos facilitados, no se hab\u00eda alcanzado ninguno los objetivos necesarios para la consecuci\u00f3n de la paga de productividad, desde UGT, tambi\u00e9n nos comprometimos a\u00a0 no\u00a0 agotar\u00a0 ninguna\u00a0 v\u00eda\u00a0 de\u00a0 la\u00a0 negociaci\u00f3n,\u00a0 para\u00a0 que\u00a0 la\u00a0 empresa,\u00a0 como\u00a0 en\u00a0 a\u00f1os anteriores,\u00a0 promedie\u00a0 los\u00a0 [&hellip;]"}

Como  ya  os  informamos  en  nuestro  comunicado  del  día  5  de  marzo,  según  los datos facilitados, no se había alcanzado ninguno los objetivos necesarios para la consecución de la paga de productividad, desde UGT, también nos comprometimos a  no  agotar  ninguna  vía  de  la  negociación,  para  que  la  empresa,  como  en  años anteriores,  promedie  los  [&hellip;]
