{"version":"1.0","provider_name":"UGT Comunicaciones","provider_url":"https:\/\/www.ugtcomunicaciones.es\/wordpress","title":"TRIC or treat? Ciberacoso, adicci\u00f3n y poca supervisi\u00f3n. La adolescencia en el siglo XXI","type":"rich","width":600,"height":338,"html":"<blockquote class=\"wp-embedded-content\" data-secret=\"1BxOXaYl3g\"><a href=\"https:\/\/www.ugtcomunicaciones.es\/wordpress\/adolescencia-siglo-xxi\/\">TRIC or treat? Ciberacoso, adicci\u00f3n y poca supervisi\u00f3n. La adolescencia en el siglo XXI<\/a><\/blockquote><iframe sandbox=\"allow-scripts\" security=\"restricted\" src=\"https:\/\/www.ugtcomunicaciones.es\/wordpress\/adolescencia-siglo-xxi\/embed\/#?secret=1BxOXaYl3g\" width=\"600\" height=\"338\" title=\"\u00abTRIC or treat? Ciberacoso, adicci\u00f3n y poca supervisi\u00f3n. La adolescencia en el siglo XXI\u00bb \u2014 UGT Comunicaciones\" data-secret=\"1BxOXaYl3g\" frameborder=\"0\" marginwidth=\"0\" marginheight=\"0\" scrolling=\"no\" class=\"wp-embedded-content\"><\/iframe><script type=\"text\/javascript\">\n\/* <![CDATA[ *\/\n\/*! This file is auto-generated *\/\n!function(d,l){\"use strict\";l.querySelector&&d.addEventListener&&\"undefined\"!=typeof URL&&(d.wp=d.wp||{},d.wp.receiveEmbedMessage||(d.wp.receiveEmbedMessage=function(e){var t=e.data;if((t||t.secret||t.message||t.value)&&!\/[^a-zA-Z0-9]\/.test(t.secret)){for(var s,r,n,a=l.querySelectorAll('iframe[data-secret=\"'+t.secret+'\"]'),o=l.querySelectorAll('blockquote[data-secret=\"'+t.secret+'\"]'),c=new RegExp(\"^https?:$\",\"i\"),i=0;i<o.length;i++)o[i].style.display=\"none\";for(i=0;i<a.length;i++)s=a[i],e.source===s.contentWindow&&(s.removeAttribute(\"style\"),\"height\"===t.message?(1e3<(r=parseInt(t.value,10))?r=1e3:~~r<200&&(r=200),s.height=r):\"link\"===t.message&&(r=new URL(s.getAttribute(\"src\")),n=new URL(t.value),c.test(n.protocol))&&n.host===r.host&&l.activeElement===s&&(d.top.location.href=t.value))}},d.addEventListener(\"message\",d.wp.receiveEmbedMessage,!1),l.addEventListener(\"DOMContentLoaded\",function(){for(var e,t,s=l.querySelectorAll(\"iframe.wp-embedded-content\"),r=0;r<s.length;r++)(t=(e=s[r]).getAttribute(\"data-secret\"))||(t=Math.random().toString(36).substring(2,12),e.src+=\"#?secret=\"+t,e.setAttribute(\"data-secret\",t)),e.contentWindow.postMessage({message:\"ready\",secret:t},\"*\")},!1)))}(window,document);\n\/\/# sourceURL=https:\/\/www.ugtcomunicaciones.es\/wordpress\/wp-includes\/js\/wp-embed.min.js\n\/* ]]> *\/\n<\/script>\n","thumbnail_url":"https:\/\/www.ugtcomunicaciones.es\/wordpress\/wp-content\/uploads\/2021\/11\/pokemon-g876ad67d2_1920.jpg","thumbnail_width":1445,"thumbnail_height":862,"description":"Los j\u00f3venes no son nativos digitales. El pasado martes 16 de noviembre de 2021, UNICEF hizo p\u00fablico su estudio sobre c\u00f3mo afectan las tecnolog\u00edas en la adolescencia. En este estudio han participado 50.000 adolescentes, siendo analizadas m\u00e1s de 40.000 encuestas, es considerado como el mayor estudio sobre este \u00e1mbito en Espa\u00f1a y Europa, conformando unos [&hellip;]"}

TRIC or treat? Ciberacoso, adicción y poca supervisión. La adolescencia en el siglo XXI

<blockquote class="wp-embedded-content" data-secret="1BxOXaYl3g"><a href="https://www.ugtcomunicaciones.es/wordpress/adolescencia-siglo-xxi/">TRIC or treat? Ciberacoso, adicción y poca supervisión. La adolescencia en el siglo XXI</a></blockquote><iframe sandbox="allow-scripts" security="restricted" src="https://www.ugtcomunicaciones.es/wordpress/adolescencia-siglo-xxi/embed/#?secret=1BxOXaYl3g" width="600" height="338" title="«TRIC or treat? Ciberacoso, adicción y poca supervisión. La adolescencia en el siglo XXI» — UGT Comunicaciones" data-secret="1BxOXaYl3g" frameborder="0" marginwidth="0" marginheight="0" scrolling="no" class="wp-embedded-content"></iframe><script type="text/javascript">
/* <![CDATA[ */
/*! This file is auto-generated */
!function(d,l){"use strict";l.querySelector&&d.addEventListener&&"undefined"!=typeof URL&&(d.wp=d.wp||{},d.wp.receiveEmbedMessage||(d.wp.receiveEmbedMessage=function(e){var t=e.data;if((t||t.secret||t.message||t.value)&&!/[^a-zA-Z0-9]/.test(t.secret)){for(var s,r,n,a=l.querySelectorAll('iframe[data-secret="'+t.secret+'"]'),o=l.querySelectorAll('blockquote[data-secret="'+t.secret+'"]'),c=new RegExp("^https?:$","i"),i=0;i<o.length;i++)o[i].style.display="none";for(i=0;i<a.length;i++)s=a[i],e.source===s.contentWindow&&(s.removeAttribute("style"),"height"===t.message?(1e3<(r=parseInt(t.value,10))?r=1e3:~~r<200&&(r=200),s.height=r):"link"===t.message&&(r=new URL(s.getAttribute("src")),n=new URL(t.value),c.test(n.protocol))&&n.host===r.host&&l.activeElement===s&&(d.top.location.href=t.value))}},d.addEventListener("message",d.wp.receiveEmbedMessage,!1),l.addEventListener("DOMContentLoaded",function(){for(var e,t,s=l.querySelectorAll("iframe.wp-embedded-content"),r=0;r<s.length;r++)(t=(e=s[r]).getAttribute("data-secret"))||(t=Math.random().toString(36).substring(2,12),e.src+="#?secret="+t,e.setAttribute("data-secret",t)),e.contentWindow.postMessage({message:"ready",secret:t},"*")},!1)))}(window,document);
//# sourceURL=https://www.ugtcomunicaciones.es/wordpress/wp-includes/js/wp-embed.min.js
/* ]]> */
</script>

Los jóvenes no son nativos digitales. El pasado martes 16 de noviembre de 2021, UNICEF hizo público su estudio sobre cómo afectan las tecnologías en la adolescencia. En este estudio han participado 50.000 adolescentes, siendo analizadas más de 40.000 encuestas, es considerado como el mayor estudio sobre este ámbito en España y Europa, conformando unos [&hellip;]
