{"version":"1.0","provider_name":"UGT Comunicaciones","provider_url":"https:\/\/www.ugtcomunicaciones.es\/wordpress","title":"Ampliaci\u00f3n piloto del Front Pymes Canal Telef\u00f3nico","type":"rich","width":600,"height":338,"html":"<blockquote class=\"wp-embedded-content\" data-secret=\"TJUc6YdDv0\"><a href=\"https:\/\/www.ugtcomunicaciones.es\/wordpress\/ampliacion-piloto-del-front-pymes-canal-telefonico\/\">Ampliaci\u00f3n piloto del Front Pymes Canal Telef\u00f3nico<\/a><\/blockquote><iframe sandbox=\"allow-scripts\" security=\"restricted\" src=\"https:\/\/www.ugtcomunicaciones.es\/wordpress\/ampliacion-piloto-del-front-pymes-canal-telefonico\/embed\/#?secret=TJUc6YdDv0\" width=\"600\" height=\"338\" title=\"\u00abAmpliaci\u00f3n piloto del Front Pymes Canal Telef\u00f3nico\u00bb \u2014 UGT Comunicaciones\" data-secret=\"TJUc6YdDv0\" frameborder=\"0\" marginwidth=\"0\" marginheight=\"0\" scrolling=\"no\" class=\"wp-embedded-content\"><\/iframe><script type=\"text\/javascript\">\n\/* <![CDATA[ *\/\n\/*! This file is auto-generated *\/\n!function(d,l){\"use strict\";l.querySelector&&d.addEventListener&&\"undefined\"!=typeof URL&&(d.wp=d.wp||{},d.wp.receiveEmbedMessage||(d.wp.receiveEmbedMessage=function(e){var t=e.data;if((t||t.secret||t.message||t.value)&&!\/[^a-zA-Z0-9]\/.test(t.secret)){for(var s,r,n,a=l.querySelectorAll('iframe[data-secret=\"'+t.secret+'\"]'),o=l.querySelectorAll('blockquote[data-secret=\"'+t.secret+'\"]'),c=new RegExp(\"^https?:$\",\"i\"),i=0;i<o.length;i++)o[i].style.display=\"none\";for(i=0;i<a.length;i++)s=a[i],e.source===s.contentWindow&&(s.removeAttribute(\"style\"),\"height\"===t.message?(1e3<(r=parseInt(t.value,10))?r=1e3:~~r<200&&(r=200),s.height=r):\"link\"===t.message&&(r=new URL(s.getAttribute(\"src\")),n=new URL(t.value),c.test(n.protocol))&&n.host===r.host&&l.activeElement===s&&(d.top.location.href=t.value))}},d.addEventListener(\"message\",d.wp.receiveEmbedMessage,!1),l.addEventListener(\"DOMContentLoaded\",function(){for(var e,t,s=l.querySelectorAll(\"iframe.wp-embedded-content\"),r=0;r<s.length;r++)(t=(e=s[r]).getAttribute(\"data-secret\"))||(t=Math.random().toString(36).substring(2,12),e.src+=\"#?secret=\"+t,e.setAttribute(\"data-secret\",t)),e.contentWindow.postMessage({message:\"ready\",secret:t},\"*\")},!1)))}(window,document);\n\/\/# sourceURL=https:\/\/www.ugtcomunicaciones.es\/wordpress\/wp-includes\/js\/wp-embed.min.js\n\/* ]]> *\/\n<\/script>\n","thumbnail_url":"https:\/\/www.ugtcomunicaciones.es\/wordpress\/wp-content\/uploads\/2019\/04\/REUNION-1.jpg","thumbnail_width":600,"thumbnail_height":295,"description":"UGT insiste en la necesidad de dimensionar correctamente las carteras, ofrecer formaci\u00f3n y apoyo especializado. UGT se ha reunido con la direcci\u00f3n del Canal Telef\u00f3nico en el d\u00eda de hoy, para valorar la situaci\u00f3n del piloto puesto en marcha el pasado mes de abril en el FRONT de PYMES que supon\u00eda un cambio hacia la [&hellip;]"}

Ampliación piloto del Front Pymes Canal Telefónico

<blockquote class="wp-embedded-content" data-secret="TJUc6YdDv0"><a href="https://www.ugtcomunicaciones.es/wordpress/ampliacion-piloto-del-front-pymes-canal-telefonico/">Ampliación piloto del Front Pymes Canal Telefónico</a></blockquote><iframe sandbox="allow-scripts" security="restricted" src="https://www.ugtcomunicaciones.es/wordpress/ampliacion-piloto-del-front-pymes-canal-telefonico/embed/#?secret=TJUc6YdDv0" width="600" height="338" title="«Ampliación piloto del Front Pymes Canal Telefónico» — UGT Comunicaciones" data-secret="TJUc6YdDv0" frameborder="0" marginwidth="0" marginheight="0" scrolling="no" class="wp-embedded-content"></iframe><script type="text/javascript">
/* <![CDATA[ */
/*! This file is auto-generated */
!function(d,l){"use strict";l.querySelector&&d.addEventListener&&"undefined"!=typeof URL&&(d.wp=d.wp||{},d.wp.receiveEmbedMessage||(d.wp.receiveEmbedMessage=function(e){var t=e.data;if((t||t.secret||t.message||t.value)&&!/[^a-zA-Z0-9]/.test(t.secret)){for(var s,r,n,a=l.querySelectorAll('iframe[data-secret="'+t.secret+'"]'),o=l.querySelectorAll('blockquote[data-secret="'+t.secret+'"]'),c=new RegExp("^https?:$","i"),i=0;i<o.length;i++)o[i].style.display="none";for(i=0;i<a.length;i++)s=a[i],e.source===s.contentWindow&&(s.removeAttribute("style"),"height"===t.message?(1e3<(r=parseInt(t.value,10))?r=1e3:~~r<200&&(r=200),s.height=r):"link"===t.message&&(r=new URL(s.getAttribute("src")),n=new URL(t.value),c.test(n.protocol))&&n.host===r.host&&l.activeElement===s&&(d.top.location.href=t.value))}},d.addEventListener("message",d.wp.receiveEmbedMessage,!1),l.addEventListener("DOMContentLoaded",function(){for(var e,t,s=l.querySelectorAll("iframe.wp-embedded-content"),r=0;r<s.length;r++)(t=(e=s[r]).getAttribute("data-secret"))||(t=Math.random().toString(36).substring(2,12),e.src+="#?secret="+t,e.setAttribute("data-secret",t)),e.contentWindow.postMessage({message:"ready",secret:t},"*")},!1)))}(window,document);
//# sourceURL=https://www.ugtcomunicaciones.es/wordpress/wp-includes/js/wp-embed.min.js
/* ]]> */
</script>

UGT insiste en la necesidad de dimensionar correctamente las carteras, ofrecer formación y apoyo especializado. UGT se ha reunido con la dirección del Canal Telefónico en el día de hoy, para valorar la situación del piloto puesto en marcha el pasado mes de abril en el FRONT de PYMES que suponía un cambio hacia la [&hellip;]
