{"version":"1.0","provider_name":"UGT Comunicaciones","provider_url":"https:\/\/www.ugtcomunicaciones.es\/wordpress","title":"Firmado el Convenio Colectivo de TELYCO","type":"rich","width":600,"height":338,"html":"<blockquote class=\"wp-embedded-content\" data-secret=\"Hq4BBhDJft\"><a href=\"https:\/\/www.ugtcomunicaciones.es\/wordpress\/firmado-el-convenio-colectivo-de-telyco\/\">Firmado el Convenio Colectivo de TELYCO<\/a><\/blockquote><iframe sandbox=\"allow-scripts\" security=\"restricted\" src=\"https:\/\/www.ugtcomunicaciones.es\/wordpress\/firmado-el-convenio-colectivo-de-telyco\/embed\/#?secret=Hq4BBhDJft\" width=\"600\" height=\"338\" title=\"\u00abFirmado el Convenio Colectivo de TELYCO\u00bb \u2014 UGT Comunicaciones\" data-secret=\"Hq4BBhDJft\" frameborder=\"0\" marginwidth=\"0\" marginheight=\"0\" scrolling=\"no\" class=\"wp-embedded-content\"><\/iframe><script type=\"text\/javascript\">\n\/* <![CDATA[ *\/\n\/*! This file is auto-generated *\/\n!function(d,l){\"use strict\";l.querySelector&&d.addEventListener&&\"undefined\"!=typeof URL&&(d.wp=d.wp||{},d.wp.receiveEmbedMessage||(d.wp.receiveEmbedMessage=function(e){var t=e.data;if((t||t.secret||t.message||t.value)&&!\/[^a-zA-Z0-9]\/.test(t.secret)){for(var s,r,n,a=l.querySelectorAll('iframe[data-secret=\"'+t.secret+'\"]'),o=l.querySelectorAll('blockquote[data-secret=\"'+t.secret+'\"]'),c=new RegExp(\"^https?:$\",\"i\"),i=0;i<o.length;i++)o[i].style.display=\"none\";for(i=0;i<a.length;i++)s=a[i],e.source===s.contentWindow&&(s.removeAttribute(\"style\"),\"height\"===t.message?(1e3<(r=parseInt(t.value,10))?r=1e3:~~r<200&&(r=200),s.height=r):\"link\"===t.message&&(r=new URL(s.getAttribute(\"src\")),n=new URL(t.value),c.test(n.protocol))&&n.host===r.host&&l.activeElement===s&&(d.top.location.href=t.value))}},d.addEventListener(\"message\",d.wp.receiveEmbedMessage,!1),l.addEventListener(\"DOMContentLoaded\",function(){for(var e,t,s=l.querySelectorAll(\"iframe.wp-embedded-content\"),r=0;r<s.length;r++)(t=(e=s[r]).getAttribute(\"data-secret\"))||(t=Math.random().toString(36).substring(2,12),e.src+=\"#?secret=\"+t,e.setAttribute(\"data-secret\",t)),e.contentWindow.postMessage({message:\"ready\",secret:t},\"*\")},!1)))}(window,document);\n\/\/# sourceURL=https:\/\/www.ugtcomunicaciones.es\/wordpress\/wp-includes\/js\/wp-embed.min.js\n\/* ]]> *\/\n<\/script>\n","thumbnail_url":"https:\/\/www.ugtcomunicaciones.es\/wordpress\/wp-content\/uploads\/2016\/11\/el_contrato_de_trabajo.jpg","thumbnail_width":380,"thumbnail_height":300,"description":"UGT informa, que en el d\u00eda de hoy se ha firmado el Convenio Colectivo de TELYCO para los a\u00f1os 2016 y 2017. A continuaci\u00f3n pasamos a detallar los aspectos m\u00e1s importantes del mismo: &#8211; VIGENCIA DEL CONVENIO: Dos a\u00f1os de vigencia (2016-2017) con la posibilidad de pr\u00f3rroga de un a\u00f1o m\u00e1s. Denuncia autom\u00e1tica del mismo [&hellip;]"}

UGT informa, que en el día de hoy se ha firmado el Convenio Colectivo de TELYCO para los años 2016 y 2017. A continuación pasamos a detallar los aspectos más importantes del mismo: &#8211; VIGENCIA DEL CONVENIO: Dos años de vigencia (2016-2017) con la posibilidad de prórroga de un año más. Denuncia automática del mismo [&hellip;]
