{"version":"1.0","provider_name":"UGT Comunicaciones","provider_url":"https:\/\/www.ugtcomunicaciones.es\/wordpress","title":"Firmado el primer Convenio Colectivo de Avatel","type":"rich","width":600,"height":338,"html":"<blockquote class=\"wp-embedded-content\" data-secret=\"r7VJuwfeyT\"><a href=\"https:\/\/www.ugtcomunicaciones.es\/wordpress\/firmado-primer-convenio-colectivo-avatel\/\">Firmado el primer Convenio Colectivo de Avatel<\/a><\/blockquote><iframe sandbox=\"allow-scripts\" security=\"restricted\" src=\"https:\/\/www.ugtcomunicaciones.es\/wordpress\/firmado-primer-convenio-colectivo-avatel\/embed\/#?secret=r7VJuwfeyT\" width=\"600\" height=\"338\" title=\"\u00abFirmado el primer Convenio Colectivo de Avatel\u00bb \u2014 UGT Comunicaciones\" data-secret=\"r7VJuwfeyT\" frameborder=\"0\" marginwidth=\"0\" marginheight=\"0\" scrolling=\"no\" class=\"wp-embedded-content\"><\/iframe><script type=\"text\/javascript\">\n\/* <![CDATA[ *\/\n\/*! This file is auto-generated *\/\n!function(d,l){\"use strict\";l.querySelector&&d.addEventListener&&\"undefined\"!=typeof URL&&(d.wp=d.wp||{},d.wp.receiveEmbedMessage||(d.wp.receiveEmbedMessage=function(e){var t=e.data;if((t||t.secret||t.message||t.value)&&!\/[^a-zA-Z0-9]\/.test(t.secret)){for(var s,r,n,a=l.querySelectorAll('iframe[data-secret=\"'+t.secret+'\"]'),o=l.querySelectorAll('blockquote[data-secret=\"'+t.secret+'\"]'),c=new RegExp(\"^https?:$\",\"i\"),i=0;i<o.length;i++)o[i].style.display=\"none\";for(i=0;i<a.length;i++)s=a[i],e.source===s.contentWindow&&(s.removeAttribute(\"style\"),\"height\"===t.message?(1e3<(r=parseInt(t.value,10))?r=1e3:~~r<200&&(r=200),s.height=r):\"link\"===t.message&&(r=new URL(s.getAttribute(\"src\")),n=new URL(t.value),c.test(n.protocol))&&n.host===r.host&&l.activeElement===s&&(d.top.location.href=t.value))}},d.addEventListener(\"message\",d.wp.receiveEmbedMessage,!1),l.addEventListener(\"DOMContentLoaded\",function(){for(var e,t,s=l.querySelectorAll(\"iframe.wp-embedded-content\"),r=0;r<s.length;r++)(t=(e=s[r]).getAttribute(\"data-secret\"))||(t=Math.random().toString(36).substring(2,12),e.src+=\"#?secret=\"+t,e.setAttribute(\"data-secret\",t)),e.contentWindow.postMessage({message:\"ready\",secret:t},\"*\")},!1)))}(window,document);\n\/\/# sourceURL=https:\/\/www.ugtcomunicaciones.es\/wordpress\/wp-includes\/js\/wp-embed.min.js\n\/* ]]> *\/\n<\/script>\n","thumbnail_url":"https:\/\/www.ugtcomunicaciones.es\/wordpress\/wp-content\/uploads\/2022\/04\/avatel.jpg","thumbnail_width":1526,"thumbnail_height":893,"description":"La negociaci\u00f3n colectiva liderada por UGT ha permitido firmar el primer Convenio Colectivo de Avatel. Avatel est\u00e1 destinado a ser un actor importante en el nuevo mercado de las comunicaciones que se est\u00e1 perfilando en Espa\u00f1a. Recientemente este operador rural, uno de los que m\u00e1s r\u00e1pido est\u00e1 creciendo en los \u00faltimos meses, anunci\u00f3 la creaci\u00f3n [&hellip;]"}

La negociación colectiva liderada por UGT ha permitido firmar el primer Convenio Colectivo de Avatel. Avatel está destinado a ser un actor importante en el nuevo mercado de las comunicaciones que se está perfilando en España. Recientemente este operador rural, uno de los que más rápido está creciendo en los últimos meses, anunció la creación [&hellip;]
