{"version":"1.0","provider_name":"UGT Comunicaciones","provider_url":"https:\/\/www.ugtcomunicaciones.es\/wordpress","title":"II Reuni\u00f3n del Comit\u00e9 Intercentros de Telyco.","type":"rich","width":600,"height":338,"html":"<blockquote class=\"wp-embedded-content\" data-secret=\"zluI9K8Ctg\"><a href=\"https:\/\/www.ugtcomunicaciones.es\/wordpress\/ii-reunion-del-comite-intercentros-de-telyco\/\">II Reuni\u00f3n del Comit\u00e9 Intercentros de Telyco.<\/a><\/blockquote><iframe sandbox=\"allow-scripts\" security=\"restricted\" src=\"https:\/\/www.ugtcomunicaciones.es\/wordpress\/ii-reunion-del-comite-intercentros-de-telyco\/embed\/#?secret=zluI9K8Ctg\" width=\"600\" height=\"338\" title=\"\u00abII Reuni\u00f3n del Comit\u00e9 Intercentros de Telyco.\u00bb \u2014 UGT Comunicaciones\" data-secret=\"zluI9K8Ctg\" frameborder=\"0\" marginwidth=\"0\" marginheight=\"0\" scrolling=\"no\" class=\"wp-embedded-content\"><\/iframe><script type=\"text\/javascript\">\n\/* <![CDATA[ *\/\n\/*! This file is auto-generated *\/\n!function(d,l){\"use strict\";l.querySelector&&d.addEventListener&&\"undefined\"!=typeof URL&&(d.wp=d.wp||{},d.wp.receiveEmbedMessage||(d.wp.receiveEmbedMessage=function(e){var t=e.data;if((t||t.secret||t.message||t.value)&&!\/[^a-zA-Z0-9]\/.test(t.secret)){for(var s,r,n,a=l.querySelectorAll('iframe[data-secret=\"'+t.secret+'\"]'),o=l.querySelectorAll('blockquote[data-secret=\"'+t.secret+'\"]'),c=new RegExp(\"^https?:$\",\"i\"),i=0;i<o.length;i++)o[i].style.display=\"none\";for(i=0;i<a.length;i++)s=a[i],e.source===s.contentWindow&&(s.removeAttribute(\"style\"),\"height\"===t.message?(1e3<(r=parseInt(t.value,10))?r=1e3:~~r<200&&(r=200),s.height=r):\"link\"===t.message&&(r=new URL(s.getAttribute(\"src\")),n=new URL(t.value),c.test(n.protocol))&&n.host===r.host&&l.activeElement===s&&(d.top.location.href=t.value))}},d.addEventListener(\"message\",d.wp.receiveEmbedMessage,!1),l.addEventListener(\"DOMContentLoaded\",function(){for(var e,t,s=l.querySelectorAll(\"iframe.wp-embedded-content\"),r=0;r<s.length;r++)(t=(e=s[r]).getAttribute(\"data-secret\"))||(t=Math.random().toString(36).substring(2,12),e.src+=\"#?secret=\"+t,e.setAttribute(\"data-secret\",t)),e.contentWindow.postMessage({message:\"ready\",secret:t},\"*\")},!1)))}(window,document);\n\/\/# sourceURL=https:\/\/www.ugtcomunicaciones.es\/wordpress\/wp-includes\/js\/wp-embed.min.js\n\/* ]]> *\/\n<\/script>\n","thumbnail_url":"https:\/\/www.ugtcomunicaciones.es\/wordpress\/wp-content\/uploads\/2022\/10\/telyco-horarios.png","thumbnail_width":940,"thumbnail_height":658,"description":"El d\u00eda 7 de octubre se reuni\u00f3 el Comit\u00e9 Intercentros de Telyco para tratar los siguientes temas: Cierre de tiendas Llevamos desde primeros de a\u00f1o con un goteo constante de cierres de puntos de venta por todos los territorios. En concreto en lo que llevamos de a\u00f1o, se han cerrado 19 puntos de venta. En [&hellip;]"}

II Reunión del Comité Intercentros de Telyco.

<blockquote class="wp-embedded-content" data-secret="zluI9K8Ctg"><a href="https://www.ugtcomunicaciones.es/wordpress/ii-reunion-del-comite-intercentros-de-telyco/">II Reunión del Comité Intercentros de Telyco.</a></blockquote><iframe sandbox="allow-scripts" security="restricted" src="https://www.ugtcomunicaciones.es/wordpress/ii-reunion-del-comite-intercentros-de-telyco/embed/#?secret=zluI9K8Ctg" width="600" height="338" title="«II Reunión del Comité Intercentros de Telyco.» — UGT Comunicaciones" data-secret="zluI9K8Ctg" frameborder="0" marginwidth="0" marginheight="0" scrolling="no" class="wp-embedded-content"></iframe><script type="text/javascript">
/* <![CDATA[ */
/*! This file is auto-generated */
!function(d,l){"use strict";l.querySelector&&d.addEventListener&&"undefined"!=typeof URL&&(d.wp=d.wp||{},d.wp.receiveEmbedMessage||(d.wp.receiveEmbedMessage=function(e){var t=e.data;if((t||t.secret||t.message||t.value)&&!/[^a-zA-Z0-9]/.test(t.secret)){for(var s,r,n,a=l.querySelectorAll('iframe[data-secret="'+t.secret+'"]'),o=l.querySelectorAll('blockquote[data-secret="'+t.secret+'"]'),c=new RegExp("^https?:$","i"),i=0;i<o.length;i++)o[i].style.display="none";for(i=0;i<a.length;i++)s=a[i],e.source===s.contentWindow&&(s.removeAttribute("style"),"height"===t.message?(1e3<(r=parseInt(t.value,10))?r=1e3:~~r<200&&(r=200),s.height=r):"link"===t.message&&(r=new URL(s.getAttribute("src")),n=new URL(t.value),c.test(n.protocol))&&n.host===r.host&&l.activeElement===s&&(d.top.location.href=t.value))}},d.addEventListener("message",d.wp.receiveEmbedMessage,!1),l.addEventListener("DOMContentLoaded",function(){for(var e,t,s=l.querySelectorAll("iframe.wp-embedded-content"),r=0;r<s.length;r++)(t=(e=s[r]).getAttribute("data-secret"))||(t=Math.random().toString(36).substring(2,12),e.src+="#?secret="+t,e.setAttribute("data-secret",t)),e.contentWindow.postMessage({message:"ready",secret:t},"*")},!1)))}(window,document);
//# sourceURL=https://www.ugtcomunicaciones.es/wordpress/wp-includes/js/wp-embed.min.js
/* ]]> */
</script>

El día 7 de octubre se reunió el Comité Intercentros de Telyco para tratar los siguientes temas: Cierre de tiendas Llevamos desde primeros de año con un goteo constante de cierres de puntos de venta por todos los territorios. En concreto en lo que llevamos de año, se han cerrado 19 puntos de venta. En [&hellip;]
