{"version":"1.0","provider_name":"UGT Comunicaciones","provider_url":"https:\/\/www.ugtcomunicaciones.es\/wordpress","title":"Jornada de verano en Orange","type":"rich","width":600,"height":338,"html":"<blockquote class=\"wp-embedded-content\" data-secret=\"3NRUIgjpFw\"><a href=\"https:\/\/www.ugtcomunicaciones.es\/wordpress\/jornada-de-verano-en-orange\/\">Jornada de verano en Orange<\/a><\/blockquote><iframe sandbox=\"allow-scripts\" security=\"restricted\" src=\"https:\/\/www.ugtcomunicaciones.es\/wordpress\/jornada-de-verano-en-orange\/embed\/#?secret=3NRUIgjpFw\" width=\"600\" height=\"338\" title=\"\u00abJornada de verano en Orange\u00bb \u2014 UGT Comunicaciones\" data-secret=\"3NRUIgjpFw\" frameborder=\"0\" marginwidth=\"0\" marginheight=\"0\" scrolling=\"no\" class=\"wp-embedded-content\"><\/iframe><script type=\"text\/javascript\">\n\/* <![CDATA[ *\/\n\/*! This file is auto-generated *\/\n!function(d,l){\"use strict\";l.querySelector&&d.addEventListener&&\"undefined\"!=typeof URL&&(d.wp=d.wp||{},d.wp.receiveEmbedMessage||(d.wp.receiveEmbedMessage=function(e){var t=e.data;if((t||t.secret||t.message||t.value)&&!\/[^a-zA-Z0-9]\/.test(t.secret)){for(var s,r,n,a=l.querySelectorAll('iframe[data-secret=\"'+t.secret+'\"]'),o=l.querySelectorAll('blockquote[data-secret=\"'+t.secret+'\"]'),c=new RegExp(\"^https?:$\",\"i\"),i=0;i<o.length;i++)o[i].style.display=\"none\";for(i=0;i<a.length;i++)s=a[i],e.source===s.contentWindow&&(s.removeAttribute(\"style\"),\"height\"===t.message?(1e3<(r=parseInt(t.value,10))?r=1e3:~~r<200&&(r=200),s.height=r):\"link\"===t.message&&(r=new URL(s.getAttribute(\"src\")),n=new URL(t.value),c.test(n.protocol))&&n.host===r.host&&l.activeElement===s&&(d.top.location.href=t.value))}},d.addEventListener(\"message\",d.wp.receiveEmbedMessage,!1),l.addEventListener(\"DOMContentLoaded\",function(){for(var e,t,s=l.querySelectorAll(\"iframe.wp-embedded-content\"),r=0;r<s.length;r++)(t=(e=s[r]).getAttribute(\"data-secret\"))||(t=Math.random().toString(36).substring(2,12),e.src+=\"#?secret=\"+t,e.setAttribute(\"data-secret\",t)),e.contentWindow.postMessage({message:\"ready\",secret:t},\"*\")},!1)))}(window,document);\n\/\/# sourceURL=https:\/\/www.ugtcomunicaciones.es\/wordpress\/wp-includes\/js\/wp-embed.min.js\n\/* ]]> *\/\n<\/script>\n","thumbnail_url":"https:\/\/www.ugtcomunicaciones.es\/wordpress\/wp-content\/uploads\/2022\/05\/Image_10_9172ece07c73470f98cb82f346d502dc.png","thumbnail_width":352,"thumbnail_height":259,"description":"Os recordamos que el pr\u00f3ximo 15 de junio comienza la intensiva de verano, por lo que el d\u00eda 14 de junio ser\u00e1 el \u00faltimo con jornada partida. Esta situaci\u00f3n se mantendr\u00e1 hasta el pr\u00f3ximo 5 de septiembre que ser\u00e1 el primero en el que tengamos que volver a la jornada partida. Indicar a las personas [&hellip;]"}

Os recordamos que el próximo 15 de junio comienza la intensiva de verano, por lo que el día 14 de junio será el último con jornada partida. Esta situación se mantendrá hasta el próximo 5 de septiembre que será el primero en el que tengamos que volver a la jornada partida. Indicar a las personas [&hellip;]
