{"version":"1.0","provider_name":"UGT Comunicaciones","provider_url":"https:\/\/www.ugtcomunicaciones.es\/wordpress","title":"Posicionamiento de UGT sobre Infra y Tech","type":"rich","width":600,"height":338,"html":"<blockquote class=\"wp-embedded-content\" data-secret=\"Evo6TdNwn9\"><a href=\"https:\/\/www.ugtcomunicaciones.es\/wordpress\/posicionamiento-de-ugt-sobre-infra-y-tech\/\">Posicionamiento de UGT sobre Infra y Tech<\/a><\/blockquote><iframe sandbox=\"allow-scripts\" security=\"restricted\" src=\"https:\/\/www.ugtcomunicaciones.es\/wordpress\/posicionamiento-de-ugt-sobre-infra-y-tech\/embed\/#?secret=Evo6TdNwn9\" width=\"600\" height=\"338\" title=\"\u00abPosicionamiento de UGT sobre Infra y Tech\u00bb \u2014 UGT Comunicaciones\" data-secret=\"Evo6TdNwn9\" frameborder=\"0\" marginwidth=\"0\" marginheight=\"0\" scrolling=\"no\" class=\"wp-embedded-content\"><\/iframe><script type=\"text\/javascript\">\n\/* <![CDATA[ *\/\n\/*! This file is auto-generated *\/\n!function(d,l){\"use strict\";l.querySelector&&d.addEventListener&&\"undefined\"!=typeof URL&&(d.wp=d.wp||{},d.wp.receiveEmbedMessage||(d.wp.receiveEmbedMessage=function(e){var t=e.data;if((t||t.secret||t.message||t.value)&&!\/[^a-zA-Z0-9]\/.test(t.secret)){for(var s,r,n,a=l.querySelectorAll('iframe[data-secret=\"'+t.secret+'\"]'),o=l.querySelectorAll('blockquote[data-secret=\"'+t.secret+'\"]'),c=new RegExp(\"^https?:$\",\"i\"),i=0;i<o.length;i++)o[i].style.display=\"none\";for(i=0;i<a.length;i++)s=a[i],e.source===s.contentWindow&&(s.removeAttribute(\"style\"),\"height\"===t.message?(1e3<(r=parseInt(t.value,10))?r=1e3:~~r<200&&(r=200),s.height=r):\"link\"===t.message&&(r=new URL(s.getAttribute(\"src\")),n=new URL(t.value),c.test(n.protocol))&&n.host===r.host&&l.activeElement===s&&(d.top.location.href=t.value))}},d.addEventListener(\"message\",d.wp.receiveEmbedMessage,!1),l.addEventListener(\"DOMContentLoaded\",function(){for(var e,t,s=l.querySelectorAll(\"iframe.wp-embedded-content\"),r=0;r<s.length;r++)(t=(e=s[r]).getAttribute(\"data-secret\"))||(t=Math.random().toString(36).substring(2,12),e.src+=\"#?secret=\"+t,e.setAttribute(\"data-secret\",t)),e.contentWindow.postMessage({message:\"ready\",secret:t},\"*\")},!1)))}(window,document);\n\/\/# sourceURL=https:\/\/www.ugtcomunicaciones.es\/wordpress\/wp-includes\/js\/wp-embed.min.js\n\/* ]]> *\/\n<\/script>\n","thumbnail_url":"https:\/\/www.ugtcomunicaciones.es\/wordpress\/wp-content\/uploads\/2020\/01\/infra_tech.jpg","thumbnail_width":512,"thumbnail_height":335,"description":"Hace ahora aproximadamente 25 a\u00f1os, el Grupo Telef\u00f3nica tom\u00f3 la decisi\u00f3n, al amparo de las leyes mercantiles y del poder de direcci\u00f3n que le otorga el Estatuto de los Trabajadores, de segregar una serie de\u00a0servicios\u00a0en nuevas entidades jur\u00eddicas. De aquel movimiento empresarial, surgieron varias compa\u00f1\u00edas, entre las m\u00e1s conocidas, Telef\u00f3nica Servicios M\u00f3viles (ahora TME) o [&hellip;]"}

Hace ahora aproximadamente 25 años, el Grupo Telefónica tomó la decisión, al amparo de las leyes mercantiles y del poder de dirección que le otorga el Estatuto de los Trabajadores, de segregar una serie de servicios en nuevas entidades jurídicas. De aquel movimiento empresarial, surgieron varias compañías, entre las más conocidas, Telefónica Servicios Móviles (ahora TME) o [&hellip;]
