{"version":"1.0","provider_name":"UGT Comunicaciones","provider_url":"https:\/\/www.ugtcomunicaciones.es\/wordpress","title":"Prejubilaciones","type":"rich","width":600,"height":338,"html":"<blockquote class=\"wp-embedded-content\" data-secret=\"RTWqeWZpYb\"><a href=\"https:\/\/www.ugtcomunicaciones.es\/wordpress\/prejubilaciones\/\">Prejubilaciones<\/a><\/blockquote><iframe sandbox=\"allow-scripts\" security=\"restricted\" src=\"https:\/\/www.ugtcomunicaciones.es\/wordpress\/prejubilaciones\/embed\/#?secret=RTWqeWZpYb\" width=\"600\" height=\"338\" title=\"\u00abPrejubilaciones\u00bb \u2014 UGT Comunicaciones\" data-secret=\"RTWqeWZpYb\" frameborder=\"0\" marginwidth=\"0\" marginheight=\"0\" scrolling=\"no\" class=\"wp-embedded-content\"><\/iframe><script type=\"text\/javascript\">\n\/* <![CDATA[ *\/\n\/*! This file is auto-generated *\/\n!function(d,l){\"use strict\";l.querySelector&&d.addEventListener&&\"undefined\"!=typeof URL&&(d.wp=d.wp||{},d.wp.receiveEmbedMessage||(d.wp.receiveEmbedMessage=function(e){var t=e.data;if((t||t.secret||t.message||t.value)&&!\/[^a-zA-Z0-9]\/.test(t.secret)){for(var s,r,n,a=l.querySelectorAll('iframe[data-secret=\"'+t.secret+'\"]'),o=l.querySelectorAll('blockquote[data-secret=\"'+t.secret+'\"]'),c=new RegExp(\"^https?:$\",\"i\"),i=0;i<o.length;i++)o[i].style.display=\"none\";for(i=0;i<a.length;i++)s=a[i],e.source===s.contentWindow&&(s.removeAttribute(\"style\"),\"height\"===t.message?(1e3<(r=parseInt(t.value,10))?r=1e3:~~r<200&&(r=200),s.height=r):\"link\"===t.message&&(r=new URL(s.getAttribute(\"src\")),n=new URL(t.value),c.test(n.protocol))&&n.host===r.host&&l.activeElement===s&&(d.top.location.href=t.value))}},d.addEventListener(\"message\",d.wp.receiveEmbedMessage,!1),l.addEventListener(\"DOMContentLoaded\",function(){for(var e,t,s=l.querySelectorAll(\"iframe.wp-embedded-content\"),r=0;r<s.length;r++)(t=(e=s[r]).getAttribute(\"data-secret\"))||(t=Math.random().toString(36).substring(2,12),e.src+=\"#?secret=\"+t,e.setAttribute(\"data-secret\",t)),e.contentWindow.postMessage({message:\"ready\",secret:t},\"*\")},!1)))}(window,document);\n\/\/# sourceURL=https:\/\/www.ugtcomunicaciones.es\/wordpress\/wp-includes\/js\/wp-embed.min.js\n\/* ]]> *\/\n<\/script>\n","thumbnail_url":"https:\/\/www.ugtcomunicaciones.es\/wordpress\/wp-content\/uploads\/2018\/01\/prejubilacion.jpg","thumbnail_width":620,"thumbnail_height":349,"description":"Hemos apostado por ellas para que junto con otras medidas la empresa no siga despidiendo. Hemos propuesto estudiar la inclusi\u00f3n de colectivos con discapacidad. Hemos pedido que se analice potenciar las condiciones y revisar la antig\u00fcedad. UGT exigi\u00f3 que las prejubilaciones se incluyeran en el ERE tras la fusi\u00f3n con Jazztel, algo que en el [&hellip;]"}

Hemos apostado por ellas para que junto con otras medidas la empresa no siga despidiendo. Hemos propuesto estudiar la inclusión de colectivos con discapacidad. Hemos pedido que se analice potenciar las condiciones y revisar la antigüedad. UGT exigió que las prejubilaciones se incluyeran en el ERE tras la fusión con Jazztel, algo que en el [&hellip;]
