{"version":"1.0","provider_name":"UGT Comunicaciones","provider_url":"https:\/\/www.ugtcomunicaciones.es\/wordpress","title":"XIII Reuni\u00f3n Convenio Colectivo (29\/05\/2019)","type":"rich","width":600,"height":338,"html":"<blockquote class=\"wp-embedded-content\" data-secret=\"b9mjkhEOFo\"><a href=\"https:\/\/www.ugtcomunicaciones.es\/wordpress\/xiii-reunion-convenio-colectivo-29-05-2019\/\">XIII Reuni\u00f3n Convenio Colectivo (29\/05\/2019)<\/a><\/blockquote><iframe sandbox=\"allow-scripts\" security=\"restricted\" src=\"https:\/\/www.ugtcomunicaciones.es\/wordpress\/xiii-reunion-convenio-colectivo-29-05-2019\/embed\/#?secret=b9mjkhEOFo\" width=\"600\" height=\"338\" title=\"\u00abXIII Reuni\u00f3n Convenio Colectivo (29\/05\/2019)\u00bb \u2014 UGT Comunicaciones\" data-secret=\"b9mjkhEOFo\" frameborder=\"0\" marginwidth=\"0\" marginheight=\"0\" scrolling=\"no\" class=\"wp-embedded-content\"><\/iframe><script type=\"text\/javascript\">\n\/* <![CDATA[ *\/\n\/*! This file is auto-generated *\/\n!function(d,l){\"use strict\";l.querySelector&&d.addEventListener&&\"undefined\"!=typeof URL&&(d.wp=d.wp||{},d.wp.receiveEmbedMessage||(d.wp.receiveEmbedMessage=function(e){var t=e.data;if((t||t.secret||t.message||t.value)&&!\/[^a-zA-Z0-9]\/.test(t.secret)){for(var s,r,n,a=l.querySelectorAll('iframe[data-secret=\"'+t.secret+'\"]'),o=l.querySelectorAll('blockquote[data-secret=\"'+t.secret+'\"]'),c=new RegExp(\"^https?:$\",\"i\"),i=0;i<o.length;i++)o[i].style.display=\"none\";for(i=0;i<a.length;i++)s=a[i],e.source===s.contentWindow&&(s.removeAttribute(\"style\"),\"height\"===t.message?(1e3<(r=parseInt(t.value,10))?r=1e3:~~r<200&&(r=200),s.height=r):\"link\"===t.message&&(r=new URL(s.getAttribute(\"src\")),n=new URL(t.value),c.test(n.protocol))&&n.host===r.host&&l.activeElement===s&&(d.top.location.href=t.value))}},d.addEventListener(\"message\",d.wp.receiveEmbedMessage,!1),l.addEventListener(\"DOMContentLoaded\",function(){for(var e,t,s=l.querySelectorAll(\"iframe.wp-embedded-content\"),r=0;r<s.length;r++)(t=(e=s[r]).getAttribute(\"data-secret\"))||(t=Math.random().toString(36).substring(2,12),e.src+=\"#?secret=\"+t,e.setAttribute(\"data-secret\",t)),e.contentWindow.postMessage({message:\"ready\",secret:t},\"*\")},!1)))}(window,document);\n\/\/# sourceURL=https:\/\/www.ugtcomunicaciones.es\/wordpress\/wp-includes\/js\/wp-embed.min.js\n\/* ]]> *\/\n<\/script>\n","thumbnail_url":"https:\/\/www.ugtcomunicaciones.es\/wordpress\/wp-content\/uploads\/2019\/04\/REUNION-1.jpg","thumbnail_width":600,"thumbnail_height":295,"description":"LA EMPRESA ACEPTA MANTENER LA JORNADA DE VERANO ENTRE JUNIO Y SEPTIEMBRE. Tras la sesi\u00f3n de la ma\u00f1ana en la que expusimos todos los temas pendientes del convenio (beneficios sociales, cheque 11\u20ac tambi\u00e9n para reducidas, seguro m\u00e9dico, plan de pensiones, descuentos empleados, tr\u00e1fico telef\u00f3nico, promoci\u00f3n profesional, formaci\u00f3n \u2026) la empresa nos propuso una nueva opci\u00f3n [&hellip;]"}

XIII Reunión Convenio Colectivo (29/05/2019)

<blockquote class="wp-embedded-content" data-secret="b9mjkhEOFo"><a href="https://www.ugtcomunicaciones.es/wordpress/xiii-reunion-convenio-colectivo-29-05-2019/">XIII Reunión Convenio Colectivo (29/05/2019)</a></blockquote><iframe sandbox="allow-scripts" security="restricted" src="https://www.ugtcomunicaciones.es/wordpress/xiii-reunion-convenio-colectivo-29-05-2019/embed/#?secret=b9mjkhEOFo" width="600" height="338" title="«XIII Reunión Convenio Colectivo (29/05/2019)» — UGT Comunicaciones" data-secret="b9mjkhEOFo" frameborder="0" marginwidth="0" marginheight="0" scrolling="no" class="wp-embedded-content"></iframe><script type="text/javascript">
/* <![CDATA[ */
/*! This file is auto-generated */
!function(d,l){"use strict";l.querySelector&&d.addEventListener&&"undefined"!=typeof URL&&(d.wp=d.wp||{},d.wp.receiveEmbedMessage||(d.wp.receiveEmbedMessage=function(e){var t=e.data;if((t||t.secret||t.message||t.value)&&!/[^a-zA-Z0-9]/.test(t.secret)){for(var s,r,n,a=l.querySelectorAll('iframe[data-secret="'+t.secret+'"]'),o=l.querySelectorAll('blockquote[data-secret="'+t.secret+'"]'),c=new RegExp("^https?:$","i"),i=0;i<o.length;i++)o[i].style.display="none";for(i=0;i<a.length;i++)s=a[i],e.source===s.contentWindow&&(s.removeAttribute("style"),"height"===t.message?(1e3<(r=parseInt(t.value,10))?r=1e3:~~r<200&&(r=200),s.height=r):"link"===t.message&&(r=new URL(s.getAttribute("src")),n=new URL(t.value),c.test(n.protocol))&&n.host===r.host&&l.activeElement===s&&(d.top.location.href=t.value))}},d.addEventListener("message",d.wp.receiveEmbedMessage,!1),l.addEventListener("DOMContentLoaded",function(){for(var e,t,s=l.querySelectorAll("iframe.wp-embedded-content"),r=0;r<s.length;r++)(t=(e=s[r]).getAttribute("data-secret"))||(t=Math.random().toString(36).substring(2,12),e.src+="#?secret="+t,e.setAttribute("data-secret",t)),e.contentWindow.postMessage({message:"ready",secret:t},"*")},!1)))}(window,document);
//# sourceURL=https://www.ugtcomunicaciones.es/wordpress/wp-includes/js/wp-embed.min.js
/* ]]> */
</script>

LA EMPRESA ACEPTA MANTENER LA JORNADA DE VERANO ENTRE JUNIO Y SEPTIEMBRE. Tras la sesión de la mañana en la que expusimos todos los temas pendientes del convenio (beneficios sociales, cheque 11€ también para reducidas, seguro médico, plan de pensiones, descuentos empleados, tráfico telefónico, promoción profesional, formación …) la empresa nos propuso una nueva opción [&hellip;]
